 49. Calculate the remainder when v is divided by g.
3
Let l(o) = -o**2 + 1. Let y(j) = j**3 - 11*j**2 + j + 8. Let r(c) = 5*l(c) - y(c). Calculate the remainder when 41 is divided by r(3).
20
Let m(r) be the second derivative of r**5/20 - r**4/12 - r**3/6 + r**2 - 21*r. Calculate the remainder when (3/9)/((-2)/(-6)) is divided by m(1).
0
Let o = -207 - -309. Calculate the remainder when o is divided by 37.
28
Suppose 2*m + 96 = -5*p - 0*m, 3*p = 3*m - 45. Calculate the remainder when 51 is divided by (-230)/(-18) - p/81.
12
Let l(d) = 6*d**3 - 14*d**2 + 2*d + 16. What is the remainder when l(4) is divided by 93?
91
Suppose -3*i = -x + 28, 3*x = 5*x - 4*i - 62. What is the remainder when 147 is divided by x?
36
Let v be (346/4)/(33/66). Let i = v - 69. What is the remainder when i is divided by 37?
30
Suppose -48*r = -9611 - 14053. What is the remainder when r is divided by 36?
25
Calculate the remainder when (6/3 - 12/4)*-85 is divided by 8.
5
Let r(z) = 5*z + 6. Let l be r(-4). Calculate the remainder when (-248)/l + 12/42 is divided by (-2)/2*9/(9/(-5)).
3
Let v = 29 - -55. Let t = -13 + v. Calculate the remainder when t is divided by 9.
8
Suppose c - 6 = -0*c. Let a(j) = 2*j**2 - 8*j + 10. Suppose x + 51 = 5*z + 7, 4*x = 4. Calculate the remainder when a(c) is divided by z.
7
What is the remainder when (-44)/1*(-4 - 13/(-4)) is divided by 9?
6
Suppose 1918 = 13*l + 540. Calculate the remainder when 233 is divided by l.
21
Calculate the remainder when 574 is divided by (-49 - (-1 - 0))*-1.
46
Let s(o) = -2*o**2 - 23*o - 7. Let w = -1 + 1. Suppose w = 4*i + 3*v - 615, 4*v - 192 = -4*i + 428. Calculate the remainder when i is divided by s(-9).
36
Suppose -3*z = -14 - 1. Suppose -z*o = -4*q + 24 + 6, 4*q = -3*o + 46. What is the remainder when -3 - -7 - 2 - -33 is divided by q?
5
Suppose -4*y + 103 + 13 = 0. Suppose 1 = -x + y. Let d = 27 + x. What is the remainder when d is divided by 19?
17
Let o(a) = -a**2 + 20*a + 7. Let q(s) = -14*s - 29. Calculate the remainder when o(9) is divided by q(-4).
25
Suppose -4*s + 20 + 0 = 0. Let f = 13 + -5. Suppose 0 = h + h - f. Calculate the remainder when s is divided by h.
1
Let n = 915 - 803. What is the remainder when n is divided by 30?
22
Suppose 2*g + 4 = -2*c, 0 = -15*g + 10*g + 4*c + 26. Suppose -5*t + 50 = -5*l, -2*t + 9 = -t - g*l. Calculate the remainder when 130 is divided by t.
9
Let l(w) = w**2 - 24*w - 43. What is the remainder when l(27) is divided by 20?
18
Suppose -14*a - 23*a + 111 = 0. What is the remainder when 32 is divided by a?
2
Suppose -2*v - 1945 = -2007. What is the remainder when 56 is divided by v?
25
Let o(a) = -a**3 - 4*a**2 + a + 3. Let q be o(-3). Let x = q + 13. Suppose x*m = 60 + 48. Calculate the remainder when 80 is divided by m.
26
Calculate the remainder when 26 + (-667)/(-116) + (-6)/8 is divided by 12.
7
Let l be (-6)/3*-15*-1. Let a = -17 - l. Suppose -s + 18 = -2*u, 5*s - 5*u + u - 60 = 0. Calculate the remainder when a is divided by s.
5
Let p be -30 + -4*3/6. Let g = p + 7. Let y = g + 78. Calculate the remainder when y is divided by 28.
25
What is the remainder when 2/8 - (7 + (-350)/8) is divided by 3?
1
What is the remainder when (-8)/44 + 135*8/11 is divided by 44?
10
Suppose 5*f + 4*s = 677, 2*f - 211 = -4*s + 67. What is the remainder when f is divided by 36?
25
Suppose n - 2*z = z - 57, 0 = -2*n + 2*z - 106. What is the remainder when -8 - n - (0 + 4) is divided by 11?
6
Suppose 0 = 7*z - 481 + 89. Calculate the remainder when z is divided by 28.
0
Let j = 274 - 181. Suppose -183 = r - 2*r. Let q = r - j. What is the remainder when q is divided by 31?
28
Let m = 2088 + -2065. What is the remainder when (-905)/(-20) + 1/(-4) is divided by m?
22
Suppose 5*w - 5 = 0, 5*l - w + 6*w - 365 = 0. Suppose 11*q = 7*q + l. Calculate the remainder when 35 is divided by q.
17
Let f(s) = 490*s - 33. Calculate the remainder when f(1) is divided by 15.
7
Calculate the remainder when (-193360)/(-60)*3/4 is divided by 44.
41
Suppose 0 = -r + 1 + 1. Suppose r*b = 6*b - 192. Suppose -5*c + b = -c. What is the remainder when 46 is divided by c?
10
Let o = -5 + 11. Let u(l) = l**2 + 2*l + 14. Let j be u(0). What is the remainder when (-440)/(-28) - (-4)/j is divided by o?
4
Let w(m) = -m**2 - 5*m + 2. Let a be w(-10). Let f = 50 + a. What is the remainder when 3 is divided by f?
1
Suppose -50*d = -37*d - 741. Calculate the remainder when d is divided by 17/1 - (-4)/(-2).
12
Let g = 44 + -25. Let w(t) = t**2 - 7*t - 3. Calculate the remainder when g is divided by w(8).
4
Let j be (-96)/(-15) + 2/(-5). Suppose j*x - 105 = x. Calculate the remainder when 124 is divided by x.
19
Suppose 3 = -5*z + k + 21, 0 = -3*z - 5*k + 22. Let h = 16 + 9. What is the remainder when 48 + 1 - z/2 is divided by h?
22
Let w = -485 - -594. What is the remainder when w is divided by 32?
13
What is the remainder when (2 + -17)*2*(-2)/4 is divided by 8?
7
Let q = -135 + 67. Let m = 136 + q. Calculate the remainder when m is divided by 14.
12
Suppose 8*n - 138 = 3*n + 2*j, 0 = -5*n - 2*j + 122. Let d = -1 + 0. What is the remainder when -1 + d - -35*3 is divided by n?
25
Suppose -2*g = -f - 600, 0 = 3*f + 12. Calculate the remainder when g is divided by 5.
3
Let s = 691 + -403. Calculate the remainder when s is divided by 5.
3
Let g = 420 - 124. What is the remainder when g is divided by 75?
71
Suppose 185*v = 220*v - 490. Calculate the remainder when 361 is divided by v.
11
Suppose -8 = z - 3*z - 5*g, 0 = 4*z - 4*g - 44. What is the remainder when 104 is divided by z?
5
Suppose -4*m + 112 = s + 39, 3*s - 180 = m. Calculate the remainder when s is divided by 16.
13
Let y(k) = -173*k + 2. Let b be y(4). Let j be (9/(-27))/(2/b). Suppose -4*q - 11 = -j. What is the remainder when q is divided by 9?
8
Calculate the remainder when 24 is divided by 22 + -22 - 14/(-2).
3
Suppose -2*r + 7 + 1 = 0. Suppose -r*s = 3*o - s - 138, 87 = 2*o + 3*s. What is the remainder when o is divided by 13?
12
Let g(z) = -z - 1. Let j be g(5). Suppose 27 = -5*n - 4*n. What is the remainder when (j - -16)*n/(-2) is divided by 9?
6
Let p = 932 - 915. What is the remainder when 126 is divided by p?
7
Let x = 1945 - 1936. Let r = 173 - 102. Suppose -r = -4*u + 69. What is the remainder when u is divided by x?
8
Let s(u) = u**2 - 8*u - 6. Let x be s(6). Let m = 37 + x. Suppose 0 = a - 1 - 74. What is the remainder when a is divided by m?
18
Let j be (-636)/(-15) + 2 + 7/(-5). Suppose -4*r - 53 = -5*p, 4*p + 0*r = 3*r + j. Calculate the remainder when 36 is divided by p.
10
Suppose 0 = p - 5*w + 142, -4*p + p + 3*w = 438. What is the remainder when (-63)/p - 396/(-7) is divided by 15?
12
Suppose 11 - 26 = 5*k, -57 = -h - 2*k. Calculate the remainder when h is divided by 61.
2
Let i = -472 - -483. Calculate the remainder when 47 is divided by i.
3
Let c be 14/(-35)*10/(-1). Suppose 5*m + 4*v + 15 = 0, 5*m - c*v - 23 = 2*m. What is the remainder when -1*((-17)/1)/m is divided by 9?
8
Suppose -3*f + 27 = -15. Let q = 17 - f. Let v = q + 2. Calculate the remainder when 14 is divided by v.
4
Let l = -13 + 16. Let c = l - -4. What is the remainder when (2 - 3)/(1/(-12)) is divided by c?
5
Let o(y) be the second derivative of -y**3/6 + 9*y**2/2 - 13*y. Calculate the remainder when 12 is divided by o(3).
0
Suppose 0*d + 4*d - 84 = 0. Let y be (-118)/(-5) - 4/(-10). Suppose 0 = 2*i + 2*i - y. Calculate the remainder when d is divided by i.
3
Let c(a) = -a**3 - 6*a**2 - 6*a + 5. Calculate the remainder when (-2 - -10)/((-136)/(-629)) is divided by c(-5).
7
Let x(c) = -c**3 + 10*c**2 + 3*c - 4. What is the remainder when -12 - (-1264)/104 - 1322/(-26) is divided by x(10)?
25
Suppose -3*w + 4*a = 1, w + 1 + 0 = a. Let l be w + 2/(8/(-956)). What is the remainder when 3/(-12) - l/8 is divided by 16?
14
Suppose -3383 + 4157 = 3*r. Calculate the remainder when r is divided by 54.
42
Suppose 0 = -31*p - 1020 + 2756. Calculate the remainder when p is divided by 20.
16
Let g be -3 + 0 - 18/(-6). Suppose k - 4 = -g*k. Suppose 0 = -k*f + j + 55, 4*f + 5*j - 56 - 29 = 0. What is the remainder when 44 is divided by f?
14
Calculate the remainder when 416/(-65)*(0 - (5 - -55)) is divided by 17.
10
Let o be 24/(-48) - (-18)/4. Suppose -3*b + 66 = -m, 